ase 15?
-3
10 (base 3) to base 8
3
49 (base 12) to base 13
45
What is -2 (base 16) in base 6?
-2
What is 1 (base 2) in base 14?
1
What is 100 (base 2) in base 13?
4
What is -100 (base 2) in base 11?
-4
What is d7 (base 14) in base 7?
360
-143 (base 5) to base 11
-44
Convert 215 (base 6) to base 2.
1010011
Convert 2 (base 13) to base 5.
2
Convert 14 (base 5) to base 3.
100
124 (base 5) to base 10
39
13 (base 9) to base 2
1100
Convert 4 (base 12) to base 15.
4
2 (base 14) to base 10
2
1 (base 7) to base 16
1
What is 1 (base 7) in base 10?
1
Convert 10 (base 6) to base 9.
6
17 (base 13) to base 6
32
What is -11 (base 6) in base 12?
-7
-2a (base 15) to base 6
-104
-1 (base 2) to base 5
-1
What is 464 (base 7) in base 16?
f2
What is -6 (base 15) in base 3?
-20
Convert 28 (base 9) to base 6.
42
What is -6 (base 10) in base 6?
-10
What is -66 (base 13) in base 8?
-124
-44 (base 5) to base 9
-26
2b (base 14) to base 7
54
What is 100 (base 3) in base 5?
14
Convert -30 (base 14) to base 5.
-132
Convert -5 (base 14) to base 2.
-101
-49 (base 14) to base 16
-41
-46 (base 13) to base 16
-3a
Convert 21 (base 11) to base 9.
25
Convert 50 (base 6) to base 5.
110
What is -1 (base 15) in base 6?
-1
What is 34 (base 11) in base 12?
31
What is -10 (base 7) in base 4?
-13
What is 26 (base 16) in base 13?
2c
-142 (base 9) to base 8
-167
What is -a (base 11) in base 13?
-a
2 (base 16) to base 4
2
21 (base 10) to base 9
23
-7 (base 8) to base 3
-21
Convert b (base 13) to base 4.
23
-1 (base 8) to base 2
-1
What is -1 (base 16) in base 12?
-1
Convert 0 (base 7) to base 3.
0
7 (base 12) to base 11
7
What is 3 (base 11) in base 14?
3
23 (base 4) to base 11
10
What is -31 (base 12) in base 15?
-27
-10111 (base 2) to base 11
-21
What is 3 (base 12) in base 2?
11
Convert -1 (base 9) to base 4.
-1
Convert -123 (base 6) to base 14.
-39
Convert -12 (base 7) to base 6.
-13
What is -4 (base 14) in base 4?
-10
Convert -2 (base 10) to base 8.
-2
-a (base 16) to base 13
-a
Convert -3 (base 14) to base 3.
-10
What is a (base 12) in base 10?
10
0 (base 11) to base 14
0
0 (base 16) to base 15
0
Convert 9 (base 12) to base 3.
100
What is 141 (base 6) in base 12?
51
-1e (base 16) to base 12
-26
Convert -31 (base 9) to base 10.
-28
-2 (base 5) to base 2
-10
What is -35 (base 14) in base 6?
-115
What is -232 (base 5) in base 14?
-4b
What is 50 (base 9) in base 7?
63
Convert -13 (base 11) to base 16.
-e
-69 (base 11) to base 2
-1001011
Convert 12 (base 5) to base 6.
11
Convert 1 (base 8) to base 12.
1
3 (base 14) to base 10
3
Convert 46 (base 11) to base 10.
50
What is -24 (base 9) in base 3?
-211
Convert ac (base 16) to base 12.
124
-24 (base 12) to base 2
-11100
-44 (base 5) to base 14
-1a
-8 (base 10) to base 3
-22
-302 (base 4) to base 3
-1212
What is 58 (base 14) in base 4?
1032
What is -2 (base 13) in base 2?
-10
What is -2 (base 12) in base 4?
-2
-51 (base 7) to base 4
-210
0 (base 16) to base 15
0
Convert 14 (base 7) to base 5.
21
What is -21 (base 6) in base 12?
-11
Convert 3 (base 15) to base 11.
3
Convert -12101 (base 4) to base 9.
-485
10022 (base 3) to base 14
65
-b8 (base 13) to base 8
-227
-100 (base 3) to base 16
-9
Convert 0 (base 13) to base 12.
0
1 (base 6) to base 3
1
What is -3 (base 16) in base 11?
-3
Convert -2 (base 15) to base 16.
-2
Convert 89 (base 15) to base 2.
10000001
15 (base 12) to base 11
16
Convert -11a (base 13) to base 4.
-3000
2130 (base 4) to base 13
c0
Convert -6c (base 15) to base 6.
-250
1000 (base 5) to base 13
98
Convert -4 (base 13) to base 10.
-4
Convert 36 (base 16) to base 2.
110110
What is -174 (base 8) in base 6?
-324
What is -2 (base 15) in base 9?
-2
-20 (base 10) to base 9
-22
Convert -4 (base 13) to base 12.
-4
What is -313 (base 4) in base 11?
-50
Convert 2 (base 7) to base 5.
2
Convert -101 (base 5) to base 14.
-1c
What is -b6 (base 16) in base 6?
-502
Convert 2 (base 13) to base 2.
10
What is 1 (base 11) in base 5?
1
What is 0 (base 7) in base 6?
0
Convert -44 (base 13) to base 12.
-48
33 (base 5) to base 7
24
What is -26 (base 14) in base 4?
-202
Convert 3 (base 8) to base 3.
10
What is 11303 (base 4) in base 10?
371
Convert -13 (base 12) to base 9.
-16
50 (base 9) to base 14
33
-4 (base 16) to base 6
-4
What is 3 (base 16) in base 8?
3
What is 27 (base 9) in base 10?
25
Convert 0 (base 4) to base 13.
0
-100 (base 2) to base 5
-4
What is -1111 (base 3) in base 11?
-37
23 (base 7) to base 14
13
112 (base 8) to base 5
244
Convert -34 (base 5) to base 14.
-15
-3 (base 15) to base 3
-10
What is -10000 (base 2) in base 8?
-20
What is 147 (base 16) in base 3?
110010
Convert 29 (base 12) to base 11.
30
Convert 412 (base 5) to base 4.
1223
Convert -76 (base 12) to base 14.
-66
What is -13 (base 14) in base 8?
-21
Convert 111 (base 5) to base 11.
29
What is 7 (base 11) in base 15?
7
What is 10 (base 16) in base 4?
100
Convert -1 (base 14) to base 8.
-1
-72 (base 14) to base 6
-244
Convert -7 (base 12) to base 5.
-12
Convert 6 (base 7) to base 8.
6
What is -2 (base 3) in base 13?
-2
Convert 100111 (base 2) to base 11.
36
Convert -6 (base 11) to base 6.
-10
-100 (base 3) to base 4
-21
What is 3 (base 4) in base 2?
11
64 (base 11) to base 15
4a
-224 (base 11) to base 14
-152
Convert 1a (base 16) to base 10.
26
37 (base 16) to base 5
210
What is 6 (base 16) in base 4?
12
What is -112 (base 5) in base 6?
-52
430 (base 5) to base 9
137
What is 6 (base 12) in base 7?
6
Convert -22 (base 7) to base 16.
-10
Convert -2 (base 5) to base 4.
-2
What is -8 (base 12) in base 6?
-12
Convert -21 (base 7) to base 9.
-16
Convert 1300 (base 4) to base 8.
160
-4 (base 5) to base 15
-4
-20 (base 14) to base 7
-40
-1100 (base 5) to base 8
-226
What is -67 (base 13) in base 15?
-5a
What is 0 (base 16) in base 12?
0
What is -10 (base 15) in base 9?
-16
Convert 4 (base 15) to base 13.
4
What is -41 (base 7) in base 4?
-131
What is -45 (base 12) in base 3?
-1222
18 (base 16) to base 6
40
Convert 13 (base 10) to base 9.
14
What is -112 (base 6) in base 14?
-32
98 (base 15) to base 5
1033
154 (base 8) to base 5
413
Convert -124 (base 8) to base 7.
-150
19 (base 16) to base 10
25
Convert -3 (base 14) to base 11.
-3
-2 (base 9) to base 3
-2
-14 (base 14) to base 12
-16
Convert 7 (base 8) to base 7.
10
Convert 312 (base 4) to base 11.
4a
What is 263 (base 8) in base 9?
218
Convert 1020 (base 3) to base 15.
23
What is 3030 (base 4) in base 7?
411
Convert -17 (base 8) to base 10.
-15
What is 13 (base 4) in base 10?
7
Convert -5 (base 12) to base 8.
-5
What is -104 (base 5) in base 15?
-1e
Convert -1020 (base 3) to base 11.
-30
What is -202 (base 4) in base 6?
-54
What is 2 (base 14) in base 8?
2
What is 1 (base 5) in base 8?
1
What is -1 (base 14) in base 3?
-1
What is 171 (base 9) in base 10?
145
-82 (base 11) to base 10
-90
Convert -321 (base 6) to base 9.
-144
17 (base 10) to base 9
18
-123 (base 15) to base 16
-102
-1 (base 2) to base 5
-1
Convert -5 (base 10) to base 8.
-5
Convert -61 (base 10) to base 9.
-67
What is 174 (base 12) in base 2?
11101000
Convert -74 (base 8) to base 13.
-48
What is 2 (base 7) in base 3?
2
What is 15 (base 8) in base 16?
d
Convert 10001 (base 2) to base 10.
17
-10 (base 3) to base 9
-3
Convert -23 (base 12) to base 4.
-123
What is 13 (base 10) in base 2?
1101
-1010 (base 2) to base 15
-a
Convert 1 (base 5) to base 12.
1
Convert -4 (base 13) to base 2.
-100
What is -607 (base 8) in base 13?
-241
-1 (base 12) to base 9
-1
What is 24 (base 13) in base 5?
110
-221 (base 3) to base 7
-34
-92 (base 10) to base 9
-112
211 (base 3) to base 15
17
What is -1b (base 13) in base 3?
-220
Convert -3e (base 15) to base 8.
-73
What is 3 (base 15) in base 2?
11
Convert 12 (base 4) to base 9.
6
Convert -1 (base 16) to base 3.
-1
Convert 9 (base 12) to base 10.
9
What is 13 (base 16) in base 10?
19
1 (base 16) to base 2
1
What is -1 (base 3) in base 13?
-1
-1 (base 2) to base 3
-1
Convert 15 (base 8) to base 4.
31
Convert -c (base 15) to base 16.
-c
-100 (base 2) to base 9
-4
What is 269 (base 10) in base 8?
415
1 (base 15) to base 5
1
-1113 (base 4) to base 6
-223
-6c (base 14) to base 11
-88
Convert -2 (base 8) to base 12.
-2
What is -1001 (base 2) in base 16?
-9
What is 142 (base 7) in base 4?
1033
What is -100 (base 2) in base 16?
-4
Convert -1 (base